{"id":8104,"date":"2024-06-25T17:15:40","date_gmt":"2024-06-25T15:15:40","guid":{"rendered":"https:\/\/lesfillesdaujourdhui.fr\/?post_type=product&#038;p=8104"},"modified":"2024-06-25T17:15:41","modified_gmt":"2024-06-25T15:15:41","slug":"boucles-coeur-2","status":"publish","type":"product","link":"https:\/\/lesfillesdaujourdhui.fr\/?product=boucles-coeur-2","title":{"rendered":"Boucles coeur"},"content":{"rendered":"<p>boucles en p\u00e2te polym\u00e8re et r\u00e9sine<\/p>\n<p>cr\u00e9oles 20 mm<\/p>\n<p>longueur coeurs sans la cr\u00e9oles : 3 cm<\/p>\n","protected":false},"excerpt":{"rendered":"<p>boucles en p\u00e2te polym\u00e8re et r\u00e9sine cr\u00e9oles 20 mm longueur coeurs sans la cr\u00e9oles : 3 cm<\/p>\n","protected":false},"featured_media":8096,"comment_status":"open","ping_status":"closed","template":"","meta":{"_uag_custom_page_level_css":""},"product_cat":[191],"product_tag":[],"class_list":{"0":"post-8104","1":"product","2":"type-product","3":"status-publish","4":"has-post-thumbnail","6":"product_cat-collection-ete-2024","8":"first","9":"instock","10":"shipping-taxable","11":"purchasable","12":"product-type-simple"},"uagb_featured_image_src":{"full":["https:\/\/lesfillesdaujourdhui.fr\/wp-content\/uploads\/2024\/06\/F7B3AEF7-DC8C-4FBC-A910-6969F508F3DD_1_105_c-1.jpeg",665,1182,false],"thumbnail":["https:\/\/lesfillesdaujourdhui.fr\/wp-content\/uploads\/2024\/06\/F7B3AEF7-DC8C-4FBC-A910-6969F508F3DD_1_105_c-1-150x150.jpeg",150,150,true],"medium":["https:\/\/lesfillesdaujourdhui.fr\/wp-content\/uploads\/2024\/06\/F7B3AEF7-DC8C-4FBC-A910-6969F508F3DD_1_105_c-1-169x300.jpeg",169,300,true],"medium_large":["https:\/\/lesfillesdaujourdhui.fr\/wp-content\/uploads\/2024\/06\/F7B3AEF7-DC8C-4FBC-A910-6969F508F3DD_1_105_c-1.jpeg",665,1182,false],"large":["https:\/\/lesfillesdaujourdhui.fr\/wp-content\/uploads\/2024\/06\/F7B3AEF7-DC8C-4FBC-A910-6969F508F3DD_1_105_c-1-576x1024.jpeg",576,1024,true],"1536x1536":["https:\/\/lesfillesdaujourdhui.fr\/wp-content\/uploads\/2024\/06\/F7B3AEF7-DC8C-4FBC-A910-6969F508F3DD_1_105_c-1.jpeg",665,1182,false],"2048x2048":["https:\/\/lesfillesdaujourdhui.fr\/wp-content\/uploads\/2024\/06\/F7B3AEF7-DC8C-4FBC-A910-6969F508F3DD_1_105_c-1.jpeg",665,1182,false],"depicter-thumbnail":["https:\/\/lesfillesdaujourdhui.fr\/wp-content\/uploads\/2024\/06\/F7B3AEF7-DC8C-4FBC-A910-6969F508F3DD_1_105_c-1-200x355.jpeg",200,355,true],"yith_slider_thumb":["https:\/\/lesfillesdaujourdhui.fr\/wp-content\/uploads\/2024\/06\/F7B3AEF7-DC8C-4FBC-A910-6969F508F3DD_1_105_c-1-300x150.jpeg",300,150,true],"proteo-blog-loop-image":["https:\/\/lesfillesdaujourdhui.fr\/wp-content\/uploads\/2024\/06\/F7B3AEF7-DC8C-4FBC-A910-6969F508F3DD_1_105_c-1-665x500.jpeg",665,500,true],"proteo-blog-loop-image-wide":["https:\/\/lesfillesdaujourdhui.fr\/wp-content\/uploads\/2024\/06\/F7B3AEF7-DC8C-4FBC-A910-6969F508F3DD_1_105_c-1-665x745.jpeg",665,745,true],"proteo_full_width_image":["https:\/\/lesfillesdaujourdhui.fr\/wp-content\/uploads\/2024\/06\/F7B3AEF7-DC8C-4FBC-A910-6969F508F3DD_1_105_c-1.jpeg",665,1182,false],"proteo_blog_cropped_cover_image_400":["https:\/\/lesfillesdaujourdhui.fr\/wp-content\/uploads\/2024\/06\/F7B3AEF7-DC8C-4FBC-A910-6969F508F3DD_1_105_c-1-665x400.jpeg",665,400,true],"menu-24x24":["https:\/\/lesfillesdaujourdhui.fr\/wp-content\/uploads\/2024\/06\/F7B3AEF7-DC8C-4FBC-A910-6969F508F3DD_1_105_c-1-14x24.jpeg",14,24,true],"menu-36x36":["https:\/\/lesfillesdaujourdhui.fr\/wp-content\/uploads\/2024\/06\/F7B3AEF7-DC8C-4FBC-A910-6969F508F3DD_1_105_c-1-20x36.jpeg",20,36,true],"menu-48x48":["https:\/\/lesfillesdaujourdhui.fr\/wp-content\/uploads\/2024\/06\/F7B3AEF7-DC8C-4FBC-A910-6969F508F3DD_1_105_c-1-27x48.jpeg",27,48,true],"woocommerce_thumbnail":["https:\/\/lesfillesdaujourdhui.fr\/wp-content\/uploads\/2024\/06\/F7B3AEF7-DC8C-4FBC-A910-6969F508F3DD_1_105_c-1-362x503.jpeg",362,503,true],"woocommerce_single":["https:\/\/lesfillesdaujourdhui.fr\/wp-content\/uploads\/2024\/06\/F7B3AEF7-DC8C-4FBC-A910-6969F508F3DD_1_105_c-1.jpeg",665,1182,false],"woocommerce_gallery_thumbnail":["https:\/\/lesfillesdaujourdhui.fr\/wp-content\/uploads\/2024\/06\/F7B3AEF7-DC8C-4FBC-A910-6969F508F3DD_1_105_c-1-150x150.jpeg",150,150,true]},"uagb_author_info":{"display_name":"doriane","author_link":"https:\/\/lesfillesdaujourdhui.fr\/?author=0"},"uagb_comment_info":0,"uagb_excerpt":"boucles en p\u00e2te polym\u00e8re et r\u00e9sine cr\u00e9oles 20 mm longueur coeurs sans la cr\u00e9oles : 3 cm","_links":{"self":[{"href":"https:\/\/lesfillesdaujourdhui.fr\/index.php?rest_route=\/wp\/v2\/product\/8104","targetHints":{"allow":["GET"]}}],"collection":[{"href":"https:\/\/lesfillesdaujourdhui.fr\/index.php?rest_route=\/wp\/v2\/product"}],"about":[{"href":"https:\/\/lesfillesdaujourdhui.fr\/index.php?rest_route=\/wp\/v2\/types\/product"}],"replies":[{"embeddable":true,"href":"https:\/\/lesfillesdaujourdhui.fr\/index.php?rest_route=%2Fwp%2Fv2%2Fcomments&post=8104"}],"wp:featuredmedia":[{"embeddable":true,"href":"https:\/\/lesfillesdaujourdhui.fr\/index.php?rest_route=\/wp\/v2\/media\/8096"}],"wp:attachment":[{"href":"https:\/\/lesfillesdaujourdhui.fr\/index.php?rest_route=%2Fwp%2Fv2%2Fmedia&parent=8104"}],"wp:term":[{"taxonomy":"product_cat","embeddable":true,"href":"https:\/\/lesfillesdaujourdhui.fr\/index.php?rest_route=%2Fwp%2Fv2%2Fproduct_cat&post=8104"},{"taxonomy":"product_tag","embeddable":true,"href":"https:\/\/lesfillesdaujourdhui.fr\/index.php?rest_route=%2Fwp%2Fv2%2Fproduct_tag&post=8104"}],"curies":[{"name":"wp","href":"https:\/\/api.w.org\/{rel}","templated":true}]}}