{"id":7989,"date":"2024-03-18T11:58:47","date_gmt":"2024-03-18T10:58:47","guid":{"rendered":"https:\/\/lesfillesdaujourdhui.fr\/?post_type=product&#038;p=7989"},"modified":"2024-03-18T14:02:12","modified_gmt":"2024-03-18T13:02:12","slug":"coeurs-polymere-4","status":"publish","type":"product","link":"https:\/\/lesfillesdaujourdhui.fr\/?product=coeurs-polymere-4","title":{"rendered":"Coeurs polym\u00e8re"},"content":{"rendered":"<p>boucles en p\u00e2te polym\u00e8re<\/p>\n<p>cr\u00e9oles 20mm en acier inoxydable<\/p>\n","protected":false},"excerpt":{"rendered":"<p>boucles en p\u00e2te polym\u00e8re cr\u00e9oles 20mm en acier inoxydable<\/p>\n","protected":false},"featured_media":7990,"comment_status":"open","ping_status":"closed","template":"","meta":{"_uag_custom_page_level_css":""},"product_cat":[182],"product_tag":[],"class_list":{"0":"post-7989","1":"product","2":"type-product","3":"status-publish","4":"has-post-thumbnail","6":"product_cat-coeurs-danae","8":"first","9":"outofstock","10":"sold-individually","11":"shipping-taxable","12":"purchasable","13":"product-type-simple"},"uagb_featured_image_src":{"full":["https:\/\/lesfillesdaujourdhui.fr\/wp-content\/uploads\/2024\/03\/90FC8D00-6CAF-40A0-9B5C-B2058F8463F7-e1710759496246.jpeg",900,1162,false],"thumbnail":["https:\/\/lesfillesdaujourdhui.fr\/wp-content\/uploads\/2024\/03\/90FC8D00-6CAF-40A0-9B5C-B2058F8463F7-e1710759496246-150x150.jpeg",150,150,true],"medium":["https:\/\/lesfillesdaujourdhui.fr\/wp-content\/uploads\/2024\/03\/90FC8D00-6CAF-40A0-9B5C-B2058F8463F7-e1710759496246-232x300.jpeg",232,300,true],"medium_large":["https:\/\/lesfillesdaujourdhui.fr\/wp-content\/uploads\/2024\/03\/90FC8D00-6CAF-40A0-9B5C-B2058F8463F7-e1710759496246-768x992.jpeg",768,992,true],"large":["https:\/\/lesfillesdaujourdhui.fr\/wp-content\/uploads\/2024\/03\/90FC8D00-6CAF-40A0-9B5C-B2058F8463F7-e1710759496246-793x1024.jpeg",793,1024,true],"1536x1536":["https:\/\/lesfillesdaujourdhui.fr\/wp-content\/uploads\/2024\/03\/90FC8D00-6CAF-40A0-9B5C-B2058F8463F7-864x1536.jpeg",864,1536,true],"2048x2048":["https:\/\/lesfillesdaujourdhui.fr\/wp-content\/uploads\/2024\/03\/90FC8D00-6CAF-40A0-9B5C-B2058F8463F7-e1710759496246.jpeg",900,1162,false],"depicter-thumbnail":["https:\/\/lesfillesdaujourdhui.fr\/wp-content\/uploads\/2024\/03\/90FC8D00-6CAF-40A0-9B5C-B2058F8463F7-e1710759496246-200x258.jpeg",200,258,true],"yith_slider_thumb":["https:\/\/lesfillesdaujourdhui.fr\/wp-content\/uploads\/2024\/03\/90FC8D00-6CAF-40A0-9B5C-B2058F8463F7-e1710759496246-300x150.jpeg",300,150,true],"proteo-blog-loop-image":["https:\/\/lesfillesdaujourdhui.fr\/wp-content\/uploads\/2024\/03\/90FC8D00-6CAF-40A0-9B5C-B2058F8463F7-e1710759496246-725x500.jpeg",725,500,true],"proteo-blog-loop-image-wide":["https:\/\/lesfillesdaujourdhui.fr\/wp-content\/uploads\/2024\/03\/90FC8D00-6CAF-40A0-9B5C-B2058F8463F7-e1710759496246-900x745.jpeg",900,745,true],"proteo_full_width_image":["https:\/\/lesfillesdaujourdhui.fr\/wp-content\/uploads\/2024\/03\/90FC8D00-6CAF-40A0-9B5C-B2058F8463F7-e1710759496246.jpeg",900,1162,false],"proteo_blog_cropped_cover_image_400":["https:\/\/lesfillesdaujourdhui.fr\/wp-content\/uploads\/2024\/03\/90FC8D00-6CAF-40A0-9B5C-B2058F8463F7-e1710759496246-900x400.jpeg",900,400,true],"menu-24x24":["https:\/\/lesfillesdaujourdhui.fr\/wp-content\/uploads\/2024\/03\/90FC8D00-6CAF-40A0-9B5C-B2058F8463F7-e1710759496246-19x24.jpeg",19,24,true],"menu-36x36":["https:\/\/lesfillesdaujourdhui.fr\/wp-content\/uploads\/2024\/03\/90FC8D00-6CAF-40A0-9B5C-B2058F8463F7-e1710759496246-28x36.jpeg",28,36,true],"menu-48x48":["https:\/\/lesfillesdaujourdhui.fr\/wp-content\/uploads\/2024\/03\/90FC8D00-6CAF-40A0-9B5C-B2058F8463F7-e1710759496246-37x48.jpeg",37,48,true],"woocommerce_thumbnail":["https:\/\/lesfillesdaujourdhui.fr\/wp-content\/uploads\/2024\/03\/90FC8D00-6CAF-40A0-9B5C-B2058F8463F7-e1710759496246-362x503.jpeg",362,503,true],"woocommerce_single":["https:\/\/lesfillesdaujourdhui.fr\/wp-content\/uploads\/2024\/03\/90FC8D00-6CAF-40A0-9B5C-B2058F8463F7-e1710759496246-812x1048.jpeg",812,1048,true],"woocommerce_gallery_thumbnail":["https:\/\/lesfillesdaujourdhui.fr\/wp-content\/uploads\/2024\/03\/90FC8D00-6CAF-40A0-9B5C-B2058F8463F7-e1710759496246-150x150.jpeg",150,150,true]},"uagb_author_info":{"display_name":"doriane","author_link":"https:\/\/lesfillesdaujourdhui.fr\/?author=0"},"uagb_comment_info":0,"uagb_excerpt":"boucles en p\u00e2te polym\u00e8re cr\u00e9oles 20mm en acier inoxydable","_links":{"self":[{"href":"https:\/\/lesfillesdaujourdhui.fr\/index.php?rest_route=\/wp\/v2\/product\/7989","targetHints":{"allow":["GET"]}}],"collection":[{"href":"https:\/\/lesfillesdaujourdhui.fr\/index.php?rest_route=\/wp\/v2\/product"}],"about":[{"href":"https:\/\/lesfillesdaujourdhui.fr\/index.php?rest_route=\/wp\/v2\/types\/product"}],"replies":[{"embeddable":true,"href":"https:\/\/lesfillesdaujourdhui.fr\/index.php?rest_route=%2Fwp%2Fv2%2Fcomments&post=7989"}],"wp:featuredmedia":[{"embeddable":true,"href":"https:\/\/lesfillesdaujourdhui.fr\/index.php?rest_route=\/wp\/v2\/media\/7990"}],"wp:attachment":[{"href":"https:\/\/lesfillesdaujourdhui.fr\/index.php?rest_route=%2Fwp%2Fv2%2Fmedia&parent=7989"}],"wp:term":[{"taxonomy":"product_cat","embeddable":true,"href":"https:\/\/lesfillesdaujourdhui.fr\/index.php?rest_route=%2Fwp%2Fv2%2Fproduct_cat&post=7989"},{"taxonomy":"product_tag","embeddable":true,"href":"https:\/\/lesfillesdaujourdhui.fr\/index.php?rest_route=%2Fwp%2Fv2%2Fproduct_tag&post=7989"}],"curies":[{"name":"wp","href":"https:\/\/api.w.org\/{rel}","templated":true}]}}