{"id":7954,"date":"2024-03-11T09:49:41","date_gmt":"2024-03-11T08:49:41","guid":{"rendered":"https:\/\/lesfillesdaujourdhui.fr\/?post_type=product&#038;p=7954"},"modified":"2024-03-11T09:49:41","modified_gmt":"2024-03-11T08:49:41","slug":"coeurs-6","status":"publish","type":"product","link":"https:\/\/lesfillesdaujourdhui.fr\/?product=coeurs-6","title":{"rendered":"Coeurs"},"content":{"rendered":"<p>Boucles en p\u00e2te polym\u00e8re r\u00e9sin\u00e9es<\/p>\n<p>Cr\u00e9oles en acier inoxydable 20mm<\/p>\n","protected":false},"excerpt":{"rendered":"<p>Boucles en p\u00e2te polym\u00e8re r\u00e9sin\u00e9es Cr\u00e9oles en acier inoxydable 20mm<\/p>\n","protected":false},"featured_media":7939,"comment_status":"open","ping_status":"closed","template":"","meta":{"_uag_custom_page_level_css":""},"product_cat":[181],"product_tag":[],"class_list":{"0":"post-7954","1":"product","2":"type-product","3":"status-publish","4":"has-post-thumbnail","6":"product_cat-coeurs-maiana","8":"first","9":"instock","10":"shipping-taxable","11":"purchasable","12":"product-type-simple"},"uagb_featured_image_src":{"full":["https:\/\/lesfillesdaujourdhui.fr\/wp-content\/uploads\/2024\/03\/D8CFFCE3-0732-4E17-A947-D4B6C8FB43B9-e1710146951806.jpeg",1126,1556,false],"thumbnail":["https:\/\/lesfillesdaujourdhui.fr\/wp-content\/uploads\/2024\/03\/D8CFFCE3-0732-4E17-A947-D4B6C8FB43B9-e1710146951806-150x150.jpeg",150,150,true],"medium":["https:\/\/lesfillesdaujourdhui.fr\/wp-content\/uploads\/2024\/03\/D8CFFCE3-0732-4E17-A947-D4B6C8FB43B9-e1710146951806-217x300.jpeg",217,300,true],"medium_large":["https:\/\/lesfillesdaujourdhui.fr\/wp-content\/uploads\/2024\/03\/D8CFFCE3-0732-4E17-A947-D4B6C8FB43B9-e1710146951806-768x1061.jpeg",768,1061,true],"large":["https:\/\/lesfillesdaujourdhui.fr\/wp-content\/uploads\/2024\/03\/D8CFFCE3-0732-4E17-A947-D4B6C8FB43B9-e1710146951806-741x1024.jpeg",741,1024,true],"1536x1536":["https:\/\/lesfillesdaujourdhui.fr\/wp-content\/uploads\/2024\/03\/D8CFFCE3-0732-4E17-A947-D4B6C8FB43B9-e1710146951806-1112x1536.jpeg",1112,1536,true],"2048x2048":["https:\/\/lesfillesdaujourdhui.fr\/wp-content\/uploads\/2024\/03\/D8CFFCE3-0732-4E17-A947-D4B6C8FB43B9-e1710146951806.jpeg",1126,1556,false],"depicter-thumbnail":["https:\/\/lesfillesdaujourdhui.fr\/wp-content\/uploads\/2024\/03\/D8CFFCE3-0732-4E17-A947-D4B6C8FB43B9-e1710146951806-200x276.jpeg",200,276,true],"yith_slider_thumb":["https:\/\/lesfillesdaujourdhui.fr\/wp-content\/uploads\/2024\/03\/D8CFFCE3-0732-4E17-A947-D4B6C8FB43B9-e1710146951806-300x150.jpeg",300,150,true],"proteo-blog-loop-image":["https:\/\/lesfillesdaujourdhui.fr\/wp-content\/uploads\/2024\/03\/D8CFFCE3-0732-4E17-A947-D4B6C8FB43B9-e1710146951806-725x500.jpeg",725,500,true],"proteo-blog-loop-image-wide":["https:\/\/lesfillesdaujourdhui.fr\/wp-content\/uploads\/2024\/03\/D8CFFCE3-0732-4E17-A947-D4B6C8FB43B9-e1710146951806-1126x745.jpeg",1126,745,true],"proteo_full_width_image":["https:\/\/lesfillesdaujourdhui.fr\/wp-content\/uploads\/2024\/03\/D8CFFCE3-0732-4E17-A947-D4B6C8FB43B9-e1710146951806.jpeg",1126,1556,false],"proteo_blog_cropped_cover_image_400":["https:\/\/lesfillesdaujourdhui.fr\/wp-content\/uploads\/2024\/03\/D8CFFCE3-0732-4E17-A947-D4B6C8FB43B9-e1710146951806-1126x400.jpeg",1126,400,true],"menu-24x24":["https:\/\/lesfillesdaujourdhui.fr\/wp-content\/uploads\/2024\/03\/D8CFFCE3-0732-4E17-A947-D4B6C8FB43B9-e1710146951806-17x24.jpeg",17,24,true],"menu-36x36":["https:\/\/lesfillesdaujourdhui.fr\/wp-content\/uploads\/2024\/03\/D8CFFCE3-0732-4E17-A947-D4B6C8FB43B9-e1710146951806-26x36.jpeg",26,36,true],"menu-48x48":["https:\/\/lesfillesdaujourdhui.fr\/wp-content\/uploads\/2024\/03\/D8CFFCE3-0732-4E17-A947-D4B6C8FB43B9-e1710146951806-35x48.jpeg",35,48,true],"woocommerce_thumbnail":["https:\/\/lesfillesdaujourdhui.fr\/wp-content\/uploads\/2024\/03\/D8CFFCE3-0732-4E17-A947-D4B6C8FB43B9-e1710146951806-362x503.jpeg",362,503,true],"woocommerce_single":["https:\/\/lesfillesdaujourdhui.fr\/wp-content\/uploads\/2024\/03\/D8CFFCE3-0732-4E17-A947-D4B6C8FB43B9-e1710146951806-812x1122.jpeg",812,1122,true],"woocommerce_gallery_thumbnail":["https:\/\/lesfillesdaujourdhui.fr\/wp-content\/uploads\/2024\/03\/D8CFFCE3-0732-4E17-A947-D4B6C8FB43B9-e1710146951806-150x150.jpeg",150,150,true]},"uagb_author_info":{"display_name":"doriane","author_link":"https:\/\/lesfillesdaujourdhui.fr\/?author=0"},"uagb_comment_info":0,"uagb_excerpt":"Boucles en p\u00e2te polym\u00e8re r\u00e9sin\u00e9es Cr\u00e9oles en acier inoxydable 20mm","_links":{"self":[{"href":"https:\/\/lesfillesdaujourdhui.fr\/index.php?rest_route=\/wp\/v2\/product\/7954","targetHints":{"allow":["GET"]}}],"collection":[{"href":"https:\/\/lesfillesdaujourdhui.fr\/index.php?rest_route=\/wp\/v2\/product"}],"about":[{"href":"https:\/\/lesfillesdaujourdhui.fr\/index.php?rest_route=\/wp\/v2\/types\/product"}],"replies":[{"embeddable":true,"href":"https:\/\/lesfillesdaujourdhui.fr\/index.php?rest_route=%2Fwp%2Fv2%2Fcomments&post=7954"}],"wp:featuredmedia":[{"embeddable":true,"href":"https:\/\/lesfillesdaujourdhui.fr\/index.php?rest_route=\/wp\/v2\/media\/7939"}],"wp:attachment":[{"href":"https:\/\/lesfillesdaujourdhui.fr\/index.php?rest_route=%2Fwp%2Fv2%2Fmedia&parent=7954"}],"wp:term":[{"taxonomy":"product_cat","embeddable":true,"href":"https:\/\/lesfillesdaujourdhui.fr\/index.php?rest_route=%2Fwp%2Fv2%2Fproduct_cat&post=7954"},{"taxonomy":"product_tag","embeddable":true,"href":"https:\/\/lesfillesdaujourdhui.fr\/index.php?rest_route=%2Fwp%2Fv2%2Fproduct_tag&post=7954"}],"curies":[{"name":"wp","href":"https:\/\/api.w.org\/{rel}","templated":true}]}}