{"id":7910,"date":"2024-03-08T19:32:24","date_gmt":"2024-03-08T18:32:24","guid":{"rendered":"https:\/\/lesfillesdaujourdhui.fr\/?post_type=product&#038;p=7910"},"modified":"2024-03-08T19:32:25","modified_gmt":"2024-03-08T18:32:25","slug":"boucles-fleurs-8","status":"publish","type":"product","link":"https:\/\/lesfillesdaujourdhui.fr\/?product=boucles-fleurs-8","title":{"rendered":"Boucles Fleurs"},"content":{"rendered":"<p>Boucles p\u00e2te polym\u00e8re<\/p>\n<p>cr\u00e9oles en acier inoxydable 20mm<\/p>\n","protected":false},"excerpt":{"rendered":"<p>Boucles p\u00e2te polym\u00e8re cr\u00e9oles en acier inoxydable 20mm<\/p>\n","protected":false},"featured_media":7905,"comment_status":"open","ping_status":"closed","template":"","meta":{"_uag_custom_page_level_css":""},"product_cat":[164,139],"product_tag":[],"class_list":{"0":"post-7910","1":"product","2":"type-product","3":"status-publish","4":"has-post-thumbnail","6":"product_cat-boucles-oreilles","7":"product_cat-pate-polymere","9":"first","10":"instock","11":"shipping-taxable","12":"purchasable","13":"product-type-simple"},"uagb_featured_image_src":{"full":["https:\/\/lesfillesdaujourdhui.fr\/wp-content\/uploads\/2024\/03\/3284E94F-DC75-4EE9-9E12-B7EB8FCD54AD-e1709922624953.jpeg",900,1224,false],"thumbnail":["https:\/\/lesfillesdaujourdhui.fr\/wp-content\/uploads\/2024\/03\/3284E94F-DC75-4EE9-9E12-B7EB8FCD54AD-e1709922624953-150x150.jpeg",150,150,true],"medium":["https:\/\/lesfillesdaujourdhui.fr\/wp-content\/uploads\/2024\/03\/3284E94F-DC75-4EE9-9E12-B7EB8FCD54AD-e1709922624953-221x300.jpeg",221,300,true],"medium_large":["https:\/\/lesfillesdaujourdhui.fr\/wp-content\/uploads\/2024\/03\/3284E94F-DC75-4EE9-9E12-B7EB8FCD54AD-e1709922624953-768x1044.jpeg",768,1044,true],"large":["https:\/\/lesfillesdaujourdhui.fr\/wp-content\/uploads\/2024\/03\/3284E94F-DC75-4EE9-9E12-B7EB8FCD54AD-e1709922624953-753x1024.jpeg",753,1024,true],"1536x1536":["https:\/\/lesfillesdaujourdhui.fr\/wp-content\/uploads\/2024\/03\/3284E94F-DC75-4EE9-9E12-B7EB8FCD54AD-864x1536.jpeg",864,1536,true],"2048x2048":["https:\/\/lesfillesdaujourdhui.fr\/wp-content\/uploads\/2024\/03\/3284E94F-DC75-4EE9-9E12-B7EB8FCD54AD-e1709922624953.jpeg",900,1224,false],"depicter-thumbnail":["https:\/\/lesfillesdaujourdhui.fr\/wp-content\/uploads\/2024\/03\/3284E94F-DC75-4EE9-9E12-B7EB8FCD54AD-e1709922624953-200x272.jpeg",200,272,true],"yith_slider_thumb":["https:\/\/lesfillesdaujourdhui.fr\/wp-content\/uploads\/2024\/03\/3284E94F-DC75-4EE9-9E12-B7EB8FCD54AD-e1709922624953-300x150.jpeg",300,150,true],"proteo-blog-loop-image":["https:\/\/lesfillesdaujourdhui.fr\/wp-content\/uploads\/2024\/03\/3284E94F-DC75-4EE9-9E12-B7EB8FCD54AD-e1709922624953-725x500.jpeg",725,500,true],"proteo-blog-loop-image-wide":["https:\/\/lesfillesdaujourdhui.fr\/wp-content\/uploads\/2024\/03\/3284E94F-DC75-4EE9-9E12-B7EB8FCD54AD-e1709922624953-900x745.jpeg",900,745,true],"proteo_full_width_image":["https:\/\/lesfillesdaujourdhui.fr\/wp-content\/uploads\/2024\/03\/3284E94F-DC75-4EE9-9E12-B7EB8FCD54AD-e1709922624953.jpeg",900,1224,false],"proteo_blog_cropped_cover_image_400":["https:\/\/lesfillesdaujourdhui.fr\/wp-content\/uploads\/2024\/03\/3284E94F-DC75-4EE9-9E12-B7EB8FCD54AD-e1709922624953-900x400.jpeg",900,400,true],"menu-24x24":["https:\/\/lesfillesdaujourdhui.fr\/wp-content\/uploads\/2024\/03\/3284E94F-DC75-4EE9-9E12-B7EB8FCD54AD-e1709922624953-18x24.jpeg",18,24,true],"menu-36x36":["https:\/\/lesfillesdaujourdhui.fr\/wp-content\/uploads\/2024\/03\/3284E94F-DC75-4EE9-9E12-B7EB8FCD54AD-e1709922624953-26x36.jpeg",26,36,true],"menu-48x48":["https:\/\/lesfillesdaujourdhui.fr\/wp-content\/uploads\/2024\/03\/3284E94F-DC75-4EE9-9E12-B7EB8FCD54AD-e1709922624953-35x48.jpeg",35,48,true],"woocommerce_thumbnail":["https:\/\/lesfillesdaujourdhui.fr\/wp-content\/uploads\/2024\/03\/3284E94F-DC75-4EE9-9E12-B7EB8FCD54AD-e1709922624953-362x503.jpeg",362,503,true],"woocommerce_single":["https:\/\/lesfillesdaujourdhui.fr\/wp-content\/uploads\/2024\/03\/3284E94F-DC75-4EE9-9E12-B7EB8FCD54AD-e1709922624953-812x1104.jpeg",812,1104,true],"woocommerce_gallery_thumbnail":["https:\/\/lesfillesdaujourdhui.fr\/wp-content\/uploads\/2024\/03\/3284E94F-DC75-4EE9-9E12-B7EB8FCD54AD-e1709922624953-150x150.jpeg",150,150,true]},"uagb_author_info":{"display_name":"doriane","author_link":"https:\/\/lesfillesdaujourdhui.fr\/?author=0"},"uagb_comment_info":0,"uagb_excerpt":"Boucles p\u00e2te polym\u00e8re cr\u00e9oles en acier inoxydable 20mm","_links":{"self":[{"href":"https:\/\/lesfillesdaujourdhui.fr\/index.php?rest_route=\/wp\/v2\/product\/7910","targetHints":{"allow":["GET"]}}],"collection":[{"href":"https:\/\/lesfillesdaujourdhui.fr\/index.php?rest_route=\/wp\/v2\/product"}],"about":[{"href":"https:\/\/lesfillesdaujourdhui.fr\/index.php?rest_route=\/wp\/v2\/types\/product"}],"replies":[{"embeddable":true,"href":"https:\/\/lesfillesdaujourdhui.fr\/index.php?rest_route=%2Fwp%2Fv2%2Fcomments&post=7910"}],"wp:featuredmedia":[{"embeddable":true,"href":"https:\/\/lesfillesdaujourdhui.fr\/index.php?rest_route=\/wp\/v2\/media\/7905"}],"wp:attachment":[{"href":"https:\/\/lesfillesdaujourdhui.fr\/index.php?rest_route=%2Fwp%2Fv2%2Fmedia&parent=7910"}],"wp:term":[{"taxonomy":"product_cat","embeddable":true,"href":"https:\/\/lesfillesdaujourdhui.fr\/index.php?rest_route=%2Fwp%2Fv2%2Fproduct_cat&post=7910"},{"taxonomy":"product_tag","embeddable":true,"href":"https:\/\/lesfillesdaujourdhui.fr\/index.php?rest_route=%2Fwp%2Fv2%2Fproduct_tag&post=7910"}],"curies":[{"name":"wp","href":"https:\/\/api.w.org\/{rel}","templated":true}]}}