{"id":7891,"date":"2024-03-05T17:13:39","date_gmt":"2024-03-05T16:13:39","guid":{"rendered":"https:\/\/lesfillesdaujourdhui.fr\/?post_type=product&#038;p=7891"},"modified":"2024-03-05T17:13:39","modified_gmt":"2024-03-05T16:13:39","slug":"boucles-fleurs-7","status":"publish","type":"product","link":"https:\/\/lesfillesdaujourdhui.fr\/?product=boucles-fleurs-7","title":{"rendered":"Boucles Fleurs"},"content":{"rendered":"<p>Boucles en p\u00e2te polym\u00e8re et r\u00e9sine<\/p>\n<p>cr\u00e9oles acier inoxydable 20mm<\/p>\n","protected":false},"excerpt":{"rendered":"<p>Boucles en p\u00e2te polym\u00e8re et r\u00e9sine cr\u00e9oles acier inoxydable 20mm<\/p>\n","protected":false},"featured_media":7892,"comment_status":"open","ping_status":"closed","template":"","meta":{"_uag_custom_page_level_css":""},"product_cat":[164],"product_tag":[],"class_list":{"0":"post-7891","1":"product","2":"type-product","3":"status-publish","4":"has-post-thumbnail","6":"product_cat-boucles-oreilles","8":"first","9":"instock","10":"shipping-taxable","11":"purchasable","12":"product-type-simple"},"uagb_featured_image_src":{"full":["https:\/\/lesfillesdaujourdhui.fr\/wp-content\/uploads\/2024\/03\/B9D20CFD-66FF-4D05-9FE6-7C00C3E6AB5F.jpeg",1231,1600,false],"thumbnail":["https:\/\/lesfillesdaujourdhui.fr\/wp-content\/uploads\/2024\/03\/B9D20CFD-66FF-4D05-9FE6-7C00C3E6AB5F-150x150.jpeg",150,150,true],"medium":["https:\/\/lesfillesdaujourdhui.fr\/wp-content\/uploads\/2024\/03\/B9D20CFD-66FF-4D05-9FE6-7C00C3E6AB5F-231x300.jpeg",231,300,true],"medium_large":["https:\/\/lesfillesdaujourdhui.fr\/wp-content\/uploads\/2024\/03\/B9D20CFD-66FF-4D05-9FE6-7C00C3E6AB5F-768x998.jpeg",768,998,true],"large":["https:\/\/lesfillesdaujourdhui.fr\/wp-content\/uploads\/2024\/03\/B9D20CFD-66FF-4D05-9FE6-7C00C3E6AB5F-788x1024.jpeg",788,1024,true],"1536x1536":["https:\/\/lesfillesdaujourdhui.fr\/wp-content\/uploads\/2024\/03\/B9D20CFD-66FF-4D05-9FE6-7C00C3E6AB5F-1182x1536.jpeg",1182,1536,true],"2048x2048":["https:\/\/lesfillesdaujourdhui.fr\/wp-content\/uploads\/2024\/03\/B9D20CFD-66FF-4D05-9FE6-7C00C3E6AB5F.jpeg",1231,1600,false],"depicter-thumbnail":["https:\/\/lesfillesdaujourdhui.fr\/wp-content\/uploads\/2024\/03\/B9D20CFD-66FF-4D05-9FE6-7C00C3E6AB5F-200x260.jpeg",200,260,true],"yith_slider_thumb":["https:\/\/lesfillesdaujourdhui.fr\/wp-content\/uploads\/2024\/03\/B9D20CFD-66FF-4D05-9FE6-7C00C3E6AB5F-300x150.jpeg",300,150,true],"proteo-blog-loop-image":["https:\/\/lesfillesdaujourdhui.fr\/wp-content\/uploads\/2024\/03\/B9D20CFD-66FF-4D05-9FE6-7C00C3E6AB5F-725x500.jpeg",725,500,true],"proteo-blog-loop-image-wide":["https:\/\/lesfillesdaujourdhui.fr\/wp-content\/uploads\/2024\/03\/B9D20CFD-66FF-4D05-9FE6-7C00C3E6AB5F-1231x745.jpeg",1231,745,true],"proteo_full_width_image":["https:\/\/lesfillesdaujourdhui.fr\/wp-content\/uploads\/2024\/03\/B9D20CFD-66FF-4D05-9FE6-7C00C3E6AB5F.jpeg",1231,1600,false],"proteo_blog_cropped_cover_image_400":["https:\/\/lesfillesdaujourdhui.fr\/wp-content\/uploads\/2024\/03\/B9D20CFD-66FF-4D05-9FE6-7C00C3E6AB5F-1231x400.jpeg",1231,400,true],"menu-24x24":["https:\/\/lesfillesdaujourdhui.fr\/wp-content\/uploads\/2024\/03\/B9D20CFD-66FF-4D05-9FE6-7C00C3E6AB5F-18x24.jpeg",18,24,true],"menu-36x36":["https:\/\/lesfillesdaujourdhui.fr\/wp-content\/uploads\/2024\/03\/B9D20CFD-66FF-4D05-9FE6-7C00C3E6AB5F-28x36.jpeg",28,36,true],"menu-48x48":["https:\/\/lesfillesdaujourdhui.fr\/wp-content\/uploads\/2024\/03\/B9D20CFD-66FF-4D05-9FE6-7C00C3E6AB5F-37x48.jpeg",37,48,true],"woocommerce_thumbnail":["https:\/\/lesfillesdaujourdhui.fr\/wp-content\/uploads\/2024\/03\/B9D20CFD-66FF-4D05-9FE6-7C00C3E6AB5F-362x503.jpeg",362,503,true],"woocommerce_single":["https:\/\/lesfillesdaujourdhui.fr\/wp-content\/uploads\/2024\/03\/B9D20CFD-66FF-4D05-9FE6-7C00C3E6AB5F-812x1055.jpeg",812,1055,true],"woocommerce_gallery_thumbnail":["https:\/\/lesfillesdaujourdhui.fr\/wp-content\/uploads\/2024\/03\/B9D20CFD-66FF-4D05-9FE6-7C00C3E6AB5F-150x150.jpeg",150,150,true]},"uagb_author_info":{"display_name":"doriane","author_link":"https:\/\/lesfillesdaujourdhui.fr\/?author=0"},"uagb_comment_info":0,"uagb_excerpt":"Boucles en p\u00e2te polym\u00e8re et r\u00e9sine cr\u00e9oles acier inoxydable 20mm","_links":{"self":[{"href":"https:\/\/lesfillesdaujourdhui.fr\/index.php?rest_route=\/wp\/v2\/product\/7891","targetHints":{"allow":["GET"]}}],"collection":[{"href":"https:\/\/lesfillesdaujourdhui.fr\/index.php?rest_route=\/wp\/v2\/product"}],"about":[{"href":"https:\/\/lesfillesdaujourdhui.fr\/index.php?rest_route=\/wp\/v2\/types\/product"}],"replies":[{"embeddable":true,"href":"https:\/\/lesfillesdaujourdhui.fr\/index.php?rest_route=%2Fwp%2Fv2%2Fcomments&post=7891"}],"wp:featuredmedia":[{"embeddable":true,"href":"https:\/\/lesfillesdaujourdhui.fr\/index.php?rest_route=\/wp\/v2\/media\/7892"}],"wp:attachment":[{"href":"https:\/\/lesfillesdaujourdhui.fr\/index.php?rest_route=%2Fwp%2Fv2%2Fmedia&parent=7891"}],"wp:term":[{"taxonomy":"product_cat","embeddable":true,"href":"https:\/\/lesfillesdaujourdhui.fr\/index.php?rest_route=%2Fwp%2Fv2%2Fproduct_cat&post=7891"},{"taxonomy":"product_tag","embeddable":true,"href":"https:\/\/lesfillesdaujourdhui.fr\/index.php?rest_route=%2Fwp%2Fv2%2Fproduct_tag&post=7891"}],"curies":[{"name":"wp","href":"https:\/\/api.w.org\/{rel}","templated":true}]}}