{"id":7825,"date":"2024-03-01T10:23:23","date_gmt":"2024-03-01T09:23:23","guid":{"rendered":"https:\/\/lesfillesdaujourdhui.fr\/?post_type=product&#038;p=7825"},"modified":"2024-04-17T11:47:55","modified_gmt":"2024-04-17T09:47:55","slug":"boucles-oiseaux-3","status":"publish","type":"product","link":"https:\/\/lesfillesdaujourdhui.fr\/?product=boucles-oiseaux-3","title":{"rendered":"Boucles Oiseaux"},"content":{"rendered":"<p>Boucles en p\u00e2te polym\u00e8re<\/p>\n<p>cr\u00e9oles 20mm en acier inoxydable<\/p>\n","protected":false},"excerpt":{"rendered":"<p>Boucles en p\u00e2te polym\u00e8re cr\u00e9oles 20mm en acier inoxydable<\/p>\n","protected":false},"featured_media":7813,"comment_status":"open","ping_status":"closed","template":"","meta":{"_uag_custom_page_level_css":""},"product_cat":[178],"product_tag":[],"class_list":{"0":"post-7825","1":"product","2":"type-product","3":"status-publish","4":"has-post-thumbnail","6":"product_cat-collection-printemps-2024","8":"first","9":"outofstock","10":"shipping-taxable","11":"purchasable","12":"product-type-simple"},"uagb_featured_image_src":{"full":["https:\/\/lesfillesdaujourdhui.fr\/wp-content\/uploads\/2024\/02\/04E49701-3AAA-4FAE-A3C5-48AE258518AE-e1709284974118.jpeg",900,1280,false],"thumbnail":["https:\/\/lesfillesdaujourdhui.fr\/wp-content\/uploads\/2024\/02\/04E49701-3AAA-4FAE-A3C5-48AE258518AE-e1709284974118-150x150.jpeg",150,150,true],"medium":["https:\/\/lesfillesdaujourdhui.fr\/wp-content\/uploads\/2024\/02\/04E49701-3AAA-4FAE-A3C5-48AE258518AE-e1709284974118-211x300.jpeg",211,300,true],"medium_large":["https:\/\/lesfillesdaujourdhui.fr\/wp-content\/uploads\/2024\/02\/04E49701-3AAA-4FAE-A3C5-48AE258518AE-e1709284974118-768x1092.jpeg",768,1092,true],"large":["https:\/\/lesfillesdaujourdhui.fr\/wp-content\/uploads\/2024\/02\/04E49701-3AAA-4FAE-A3C5-48AE258518AE-e1709284974118-720x1024.jpeg",720,1024,true],"1536x1536":["https:\/\/lesfillesdaujourdhui.fr\/wp-content\/uploads\/2024\/02\/04E49701-3AAA-4FAE-A3C5-48AE258518AE-864x1536.jpeg",864,1536,true],"2048x2048":["https:\/\/lesfillesdaujourdhui.fr\/wp-content\/uploads\/2024\/02\/04E49701-3AAA-4FAE-A3C5-48AE258518AE-e1709284974118.jpeg",900,1280,false],"depicter-thumbnail":["https:\/\/lesfillesdaujourdhui.fr\/wp-content\/uploads\/2024\/02\/04E49701-3AAA-4FAE-A3C5-48AE258518AE-e1709284974118-200x284.jpeg",200,284,true],"yith_slider_thumb":["https:\/\/lesfillesdaujourdhui.fr\/wp-content\/uploads\/2024\/02\/04E49701-3AAA-4FAE-A3C5-48AE258518AE-e1709284974118-300x150.jpeg",300,150,true],"proteo-blog-loop-image":["https:\/\/lesfillesdaujourdhui.fr\/wp-content\/uploads\/2024\/02\/04E49701-3AAA-4FAE-A3C5-48AE258518AE-e1709284974118-725x500.jpeg",725,500,true],"proteo-blog-loop-image-wide":["https:\/\/lesfillesdaujourdhui.fr\/wp-content\/uploads\/2024\/02\/04E49701-3AAA-4FAE-A3C5-48AE258518AE-e1709284974118-900x745.jpeg",900,745,true],"proteo_full_width_image":["https:\/\/lesfillesdaujourdhui.fr\/wp-content\/uploads\/2024\/02\/04E49701-3AAA-4FAE-A3C5-48AE258518AE-e1709284974118.jpeg",900,1280,false],"proteo_blog_cropped_cover_image_400":["https:\/\/lesfillesdaujourdhui.fr\/wp-content\/uploads\/2024\/02\/04E49701-3AAA-4FAE-A3C5-48AE258518AE-e1709284974118-900x400.jpeg",900,400,true],"menu-24x24":["https:\/\/lesfillesdaujourdhui.fr\/wp-content\/uploads\/2024\/02\/04E49701-3AAA-4FAE-A3C5-48AE258518AE-e1709284974118-17x24.jpeg",17,24,true],"menu-36x36":["https:\/\/lesfillesdaujourdhui.fr\/wp-content\/uploads\/2024\/02\/04E49701-3AAA-4FAE-A3C5-48AE258518AE-e1709284974118-25x36.jpeg",25,36,true],"menu-48x48":["https:\/\/lesfillesdaujourdhui.fr\/wp-content\/uploads\/2024\/02\/04E49701-3AAA-4FAE-A3C5-48AE258518AE-e1709284974118-34x48.jpeg",34,48,true],"woocommerce_thumbnail":["https:\/\/lesfillesdaujourdhui.fr\/wp-content\/uploads\/2024\/02\/04E49701-3AAA-4FAE-A3C5-48AE258518AE-e1709284974118-362x503.jpeg",362,503,true],"woocommerce_single":["https:\/\/lesfillesdaujourdhui.fr\/wp-content\/uploads\/2024\/02\/04E49701-3AAA-4FAE-A3C5-48AE258518AE-e1709284974118-812x1155.jpeg",812,1155,true],"woocommerce_gallery_thumbnail":["https:\/\/lesfillesdaujourdhui.fr\/wp-content\/uploads\/2024\/02\/04E49701-3AAA-4FAE-A3C5-48AE258518AE-e1709284974118-150x150.jpeg",150,150,true]},"uagb_author_info":{"display_name":"doriane","author_link":"https:\/\/lesfillesdaujourdhui.fr\/?author=0"},"uagb_comment_info":0,"uagb_excerpt":"Boucles en p\u00e2te polym\u00e8re cr\u00e9oles 20mm en acier inoxydable","_links":{"self":[{"href":"https:\/\/lesfillesdaujourdhui.fr\/index.php?rest_route=\/wp\/v2\/product\/7825","targetHints":{"allow":["GET"]}}],"collection":[{"href":"https:\/\/lesfillesdaujourdhui.fr\/index.php?rest_route=\/wp\/v2\/product"}],"about":[{"href":"https:\/\/lesfillesdaujourdhui.fr\/index.php?rest_route=\/wp\/v2\/types\/product"}],"replies":[{"embeddable":true,"href":"https:\/\/lesfillesdaujourdhui.fr\/index.php?rest_route=%2Fwp%2Fv2%2Fcomments&post=7825"}],"wp:featuredmedia":[{"embeddable":true,"href":"https:\/\/lesfillesdaujourdhui.fr\/index.php?rest_route=\/wp\/v2\/media\/7813"}],"wp:attachment":[{"href":"https:\/\/lesfillesdaujourdhui.fr\/index.php?rest_route=%2Fwp%2Fv2%2Fmedia&parent=7825"}],"wp:term":[{"taxonomy":"product_cat","embeddable":true,"href":"https:\/\/lesfillesdaujourdhui.fr\/index.php?rest_route=%2Fwp%2Fv2%2Fproduct_cat&post=7825"},{"taxonomy":"product_tag","embeddable":true,"href":"https:\/\/lesfillesdaujourdhui.fr\/index.php?rest_route=%2Fwp%2Fv2%2Fproduct_tag&post=7825"}],"curies":[{"name":"wp","href":"https:\/\/api.w.org\/{rel}","templated":true}]}}