{"id":7824,"date":"2024-03-01T10:21:46","date_gmt":"2024-03-01T09:21:46","guid":{"rendered":"https:\/\/lesfillesdaujourdhui.fr\/?post_type=product&#038;p=7824"},"modified":"2024-03-01T10:21:46","modified_gmt":"2024-03-01T09:21:46","slug":"boucles-oiseaux-2","status":"publish","type":"product","link":"https:\/\/lesfillesdaujourdhui.fr\/?product=boucles-oiseaux-2","title":{"rendered":"Boucles Oiseaux"},"content":{"rendered":"<p>Boucles en p\u00e2te polym\u00e8re<\/p>\n<p>Cr\u00e9oles 20mm en acier inoxydable<\/p>\n","protected":false},"excerpt":{"rendered":"<p>Boucles en p\u00e2te polym\u00e8re Cr\u00e9oles 20mm en acier inoxydable<\/p>\n","protected":false},"featured_media":7816,"comment_status":"open","ping_status":"closed","template":"","meta":{"_uag_custom_page_level_css":""},"product_cat":[178],"product_tag":[],"class_list":{"0":"post-7824","1":"product","2":"type-product","3":"status-publish","4":"has-post-thumbnail","6":"product_cat-collection-printemps-2024","8":"first","9":"instock","10":"shipping-taxable","11":"purchasable","12":"product-type-simple"},"uagb_featured_image_src":{"full":["https:\/\/lesfillesdaujourdhui.fr\/wp-content\/uploads\/2024\/02\/1558D0C0-B05C-49B7-B0BD-385ACD84FA5A-e1709284873967.jpeg",900,1216,false],"thumbnail":["https:\/\/lesfillesdaujourdhui.fr\/wp-content\/uploads\/2024\/02\/1558D0C0-B05C-49B7-B0BD-385ACD84FA5A-e1709284873967-150x150.jpeg",150,150,true],"medium":["https:\/\/lesfillesdaujourdhui.fr\/wp-content\/uploads\/2024\/02\/1558D0C0-B05C-49B7-B0BD-385ACD84FA5A-e1709284873967-222x300.jpeg",222,300,true],"medium_large":["https:\/\/lesfillesdaujourdhui.fr\/wp-content\/uploads\/2024\/02\/1558D0C0-B05C-49B7-B0BD-385ACD84FA5A-e1709284873967-768x1038.jpeg",768,1038,true],"large":["https:\/\/lesfillesdaujourdhui.fr\/wp-content\/uploads\/2024\/02\/1558D0C0-B05C-49B7-B0BD-385ACD84FA5A-e1709284873967-758x1024.jpeg",758,1024,true],"1536x1536":["https:\/\/lesfillesdaujourdhui.fr\/wp-content\/uploads\/2024\/02\/1558D0C0-B05C-49B7-B0BD-385ACD84FA5A-864x1536.jpeg",864,1536,true],"2048x2048":["https:\/\/lesfillesdaujourdhui.fr\/wp-content\/uploads\/2024\/02\/1558D0C0-B05C-49B7-B0BD-385ACD84FA5A-e1709284873967.jpeg",900,1216,false],"depicter-thumbnail":["https:\/\/lesfillesdaujourdhui.fr\/wp-content\/uploads\/2024\/02\/1558D0C0-B05C-49B7-B0BD-385ACD84FA5A-e1709284873967-200x270.jpeg",200,270,true],"yith_slider_thumb":["https:\/\/lesfillesdaujourdhui.fr\/wp-content\/uploads\/2024\/02\/1558D0C0-B05C-49B7-B0BD-385ACD84FA5A-e1709284873967-300x150.jpeg",300,150,true],"proteo-blog-loop-image":["https:\/\/lesfillesdaujourdhui.fr\/wp-content\/uploads\/2024\/02\/1558D0C0-B05C-49B7-B0BD-385ACD84FA5A-e1709284873967-725x500.jpeg",725,500,true],"proteo-blog-loop-image-wide":["https:\/\/lesfillesdaujourdhui.fr\/wp-content\/uploads\/2024\/02\/1558D0C0-B05C-49B7-B0BD-385ACD84FA5A-e1709284873967-900x745.jpeg",900,745,true],"proteo_full_width_image":["https:\/\/lesfillesdaujourdhui.fr\/wp-content\/uploads\/2024\/02\/1558D0C0-B05C-49B7-B0BD-385ACD84FA5A-e1709284873967.jpeg",900,1216,false],"proteo_blog_cropped_cover_image_400":["https:\/\/lesfillesdaujourdhui.fr\/wp-content\/uploads\/2024\/02\/1558D0C0-B05C-49B7-B0BD-385ACD84FA5A-e1709284873967-900x400.jpeg",900,400,true],"menu-24x24":["https:\/\/lesfillesdaujourdhui.fr\/wp-content\/uploads\/2024\/02\/1558D0C0-B05C-49B7-B0BD-385ACD84FA5A-e1709284873967-18x24.jpeg",18,24,true],"menu-36x36":["https:\/\/lesfillesdaujourdhui.fr\/wp-content\/uploads\/2024\/02\/1558D0C0-B05C-49B7-B0BD-385ACD84FA5A-e1709284873967-27x36.jpeg",27,36,true],"menu-48x48":["https:\/\/lesfillesdaujourdhui.fr\/wp-content\/uploads\/2024\/02\/1558D0C0-B05C-49B7-B0BD-385ACD84FA5A-e1709284873967-36x48.jpeg",36,48,true],"woocommerce_thumbnail":["https:\/\/lesfillesdaujourdhui.fr\/wp-content\/uploads\/2024\/02\/1558D0C0-B05C-49B7-B0BD-385ACD84FA5A-e1709284873967-362x503.jpeg",362,503,true],"woocommerce_single":["https:\/\/lesfillesdaujourdhui.fr\/wp-content\/uploads\/2024\/02\/1558D0C0-B05C-49B7-B0BD-385ACD84FA5A-e1709284873967-812x1097.jpeg",812,1097,true],"woocommerce_gallery_thumbnail":["https:\/\/lesfillesdaujourdhui.fr\/wp-content\/uploads\/2024\/02\/1558D0C0-B05C-49B7-B0BD-385ACD84FA5A-e1709284873967-150x150.jpeg",150,150,true]},"uagb_author_info":{"display_name":"doriane","author_link":"https:\/\/lesfillesdaujourdhui.fr\/?author=0"},"uagb_comment_info":0,"uagb_excerpt":"Boucles en p\u00e2te polym\u00e8re Cr\u00e9oles 20mm en acier inoxydable","_links":{"self":[{"href":"https:\/\/lesfillesdaujourdhui.fr\/index.php?rest_route=\/wp\/v2\/product\/7824","targetHints":{"allow":["GET"]}}],"collection":[{"href":"https:\/\/lesfillesdaujourdhui.fr\/index.php?rest_route=\/wp\/v2\/product"}],"about":[{"href":"https:\/\/lesfillesdaujourdhui.fr\/index.php?rest_route=\/wp\/v2\/types\/product"}],"replies":[{"embeddable":true,"href":"https:\/\/lesfillesdaujourdhui.fr\/index.php?rest_route=%2Fwp%2Fv2%2Fcomments&post=7824"}],"wp:featuredmedia":[{"embeddable":true,"href":"https:\/\/lesfillesdaujourdhui.fr\/index.php?rest_route=\/wp\/v2\/media\/7816"}],"wp:attachment":[{"href":"https:\/\/lesfillesdaujourdhui.fr\/index.php?rest_route=%2Fwp%2Fv2%2Fmedia&parent=7824"}],"wp:term":[{"taxonomy":"product_cat","embeddable":true,"href":"https:\/\/lesfillesdaujourdhui.fr\/index.php?rest_route=%2Fwp%2Fv2%2Fproduct_cat&post=7824"},{"taxonomy":"product_tag","embeddable":true,"href":"https:\/\/lesfillesdaujourdhui.fr\/index.php?rest_route=%2Fwp%2Fv2%2Fproduct_tag&post=7824"}],"curies":[{"name":"wp","href":"https:\/\/api.w.org\/{rel}","templated":true}]}}