{"id":7579,"date":"2024-02-06T13:43:33","date_gmt":"2024-02-06T12:43:33","guid":{"rendered":"https:\/\/lesfillesdaujourdhui.fr\/?post_type=product&#038;p=7579"},"modified":"2024-02-06T21:50:15","modified_gmt":"2024-02-06T20:50:15","slug":"boucles-en-pate-polymere-resinee","status":"publish","type":"product","link":"https:\/\/lesfillesdaujourdhui.fr\/?product=boucles-en-pate-polymere-resinee","title":{"rendered":"Boucles en p\u00e2te polym\u00e8re r\u00e9sin\u00e9e"},"content":{"rendered":"<p>Boucles en p\u00e2te polym\u00e8re r\u00e9sin\u00e9e<\/p>\n<p>Clous dor\u00e9s \u00e0 l&rsquo;or fin<\/p>\n<p>Fleurs\u00a0 s\u00e9ch\u00e9es de Provence<\/p>\n","protected":false},"excerpt":{"rendered":"<p>Mod\u00e8le Unique<\/p>\n","protected":false},"featured_media":7574,"comment_status":"open","ping_status":"closed","template":"","meta":{"_uag_custom_page_level_css":""},"product_cat":[164],"product_tag":[],"class_list":{"0":"post-7579","1":"product","2":"type-product","3":"status-publish","4":"has-post-thumbnail","6":"product_cat-boucles-oreilles","8":"first","9":"instock","10":"shipping-taxable","11":"purchasable","12":"product-type-simple"},"uagb_featured_image_src":{"full":["https:\/\/lesfillesdaujourdhui.fr\/wp-content\/uploads\/2024\/02\/ceb2745d-b149-4357-85c1-0f73406c3e1e.jpg",900,1600,false],"thumbnail":["https:\/\/lesfillesdaujourdhui.fr\/wp-content\/uploads\/2024\/02\/ceb2745d-b149-4357-85c1-0f73406c3e1e-150x150.jpg",150,150,true],"medium":["https:\/\/lesfillesdaujourdhui.fr\/wp-content\/uploads\/2024\/02\/ceb2745d-b149-4357-85c1-0f73406c3e1e-169x300.jpg",169,300,true],"medium_large":["https:\/\/lesfillesdaujourdhui.fr\/wp-content\/uploads\/2024\/02\/ceb2745d-b149-4357-85c1-0f73406c3e1e-768x1365.jpg",768,1365,true],"large":["https:\/\/lesfillesdaujourdhui.fr\/wp-content\/uploads\/2024\/02\/ceb2745d-b149-4357-85c1-0f73406c3e1e-576x1024.jpg",576,1024,true],"1536x1536":["https:\/\/lesfillesdaujourdhui.fr\/wp-content\/uploads\/2024\/02\/ceb2745d-b149-4357-85c1-0f73406c3e1e-864x1536.jpg",864,1536,true],"2048x2048":["https:\/\/lesfillesdaujourdhui.fr\/wp-content\/uploads\/2024\/02\/ceb2745d-b149-4357-85c1-0f73406c3e1e.jpg",900,1600,false],"depicter-thumbnail":["https:\/\/lesfillesdaujourdhui.fr\/wp-content\/uploads\/2024\/02\/ceb2745d-b149-4357-85c1-0f73406c3e1e-200x356.jpg",200,356,true],"yith_slider_thumb":["https:\/\/lesfillesdaujourdhui.fr\/wp-content\/uploads\/2024\/02\/ceb2745d-b149-4357-85c1-0f73406c3e1e-300x150.jpg",300,150,true],"proteo-blog-loop-image":["https:\/\/lesfillesdaujourdhui.fr\/wp-content\/uploads\/2024\/02\/ceb2745d-b149-4357-85c1-0f73406c3e1e-725x500.jpg",725,500,true],"proteo-blog-loop-image-wide":["https:\/\/lesfillesdaujourdhui.fr\/wp-content\/uploads\/2024\/02\/ceb2745d-b149-4357-85c1-0f73406c3e1e-900x745.jpg",900,745,true],"proteo_full_width_image":["https:\/\/lesfillesdaujourdhui.fr\/wp-content\/uploads\/2024\/02\/ceb2745d-b149-4357-85c1-0f73406c3e1e.jpg",900,1600,false],"proteo_blog_cropped_cover_image_400":["https:\/\/lesfillesdaujourdhui.fr\/wp-content\/uploads\/2024\/02\/ceb2745d-b149-4357-85c1-0f73406c3e1e-900x400.jpg",900,400,true],"menu-24x24":["https:\/\/lesfillesdaujourdhui.fr\/wp-content\/uploads\/2024\/02\/ceb2745d-b149-4357-85c1-0f73406c3e1e.jpg",14,24,false],"menu-36x36":["https:\/\/lesfillesdaujourdhui.fr\/wp-content\/uploads\/2024\/02\/ceb2745d-b149-4357-85c1-0f73406c3e1e.jpg",20,36,false],"menu-48x48":["https:\/\/lesfillesdaujourdhui.fr\/wp-content\/uploads\/2024\/02\/ceb2745d-b149-4357-85c1-0f73406c3e1e.jpg",27,48,false],"woocommerce_thumbnail":["https:\/\/lesfillesdaujourdhui.fr\/wp-content\/uploads\/2024\/02\/ceb2745d-b149-4357-85c1-0f73406c3e1e-362x503.jpg",362,503,true],"woocommerce_single":["https:\/\/lesfillesdaujourdhui.fr\/wp-content\/uploads\/2024\/02\/ceb2745d-b149-4357-85c1-0f73406c3e1e-812x1444.jpg",812,1444,true],"woocommerce_gallery_thumbnail":["https:\/\/lesfillesdaujourdhui.fr\/wp-content\/uploads\/2024\/02\/ceb2745d-b149-4357-85c1-0f73406c3e1e-150x150.jpg",150,150,true]},"uagb_author_info":{"display_name":"doriane","author_link":"https:\/\/lesfillesdaujourdhui.fr\/?author=0"},"uagb_comment_info":0,"uagb_excerpt":"Mod\u00e8le Unique","_links":{"self":[{"href":"https:\/\/lesfillesdaujourdhui.fr\/index.php?rest_route=\/wp\/v2\/product\/7579","targetHints":{"allow":["GET"]}}],"collection":[{"href":"https:\/\/lesfillesdaujourdhui.fr\/index.php?rest_route=\/wp\/v2\/product"}],"about":[{"href":"https:\/\/lesfillesdaujourdhui.fr\/index.php?rest_route=\/wp\/v2\/types\/product"}],"replies":[{"embeddable":true,"href":"https:\/\/lesfillesdaujourdhui.fr\/index.php?rest_route=%2Fwp%2Fv2%2Fcomments&post=7579"}],"wp:featuredmedia":[{"embeddable":true,"href":"https:\/\/lesfillesdaujourdhui.fr\/index.php?rest_route=\/wp\/v2\/media\/7574"}],"wp:attachment":[{"href":"https:\/\/lesfillesdaujourdhui.fr\/index.php?rest_route=%2Fwp%2Fv2%2Fmedia&parent=7579"}],"wp:term":[{"taxonomy":"product_cat","embeddable":true,"href":"https:\/\/lesfillesdaujourdhui.fr\/index.php?rest_route=%2Fwp%2Fv2%2Fproduct_cat&post=7579"},{"taxonomy":"product_tag","embeddable":true,"href":"https:\/\/lesfillesdaujourdhui.fr\/index.php?rest_route=%2Fwp%2Fv2%2Fproduct_tag&post=7579"}],"curies":[{"name":"wp","href":"https:\/\/api.w.org\/{rel}","templated":true}]}}